 is the value of 9 + (-6 - -9) + -15?
-3
Evaluate 5 + -2 - (2 - -3).
-2
(-2 - -1) + (2 - 1)
0
Calculate 3 + 5 + -4 - 7.
-3
What is 9 + (-6 - -4) + -4?
3
What is 11 + (3 - (1 - -7))?
6
What is -3 - ((-1 + 1 - 1) + 2)?
-4
-11 + 3 + (5 - 1)
-4
What is -11 - (-10 + (-7 - -10) + 2)?
-6
What is (-1 - 1) + -4 + 3 - 2?
-5
What is -8 - (-26 + 17 + (5 - 0))?
-4
What is -1 + (0 - 13) + 17?
3
Evaluate (-5 - -3) + (-3 - 2).
-7
Evaluate -2 + 4 + (-13 - -7) + 6.
2
Calculate 1 - (-2 + 0 + -2 + 1).
4
Calculate 3 - (12 + (-8 - (-4 - -1))).
-4
Calculate 0 + -3 - (5 + -7).
-1
Calculate 4 + -1 + (-5 - -1).
-1
What is (12 - 22 - 4) + 12?
-2
What is 4 + (3 - 1) + -3?
3
What is 5 - 1 - (0 - (-3 - -4))?
5
What is the value of (0 - -1 - 3) + -4 + 7?
1
Calculate 4 - (4 - 5) - (1 + 3).
1
What is the value of 0 + 1 + 3 + (-4 - -1)?
1
Evaluate -25 - -20 - (-2 - 2).
-1
Evaluate 0 - 1 - (-7 - -8 - 8).
6
Evaluate (4 - -1) + -1 + -4.
0
What is the value of 15 + (-1 - -3) + -8 + 1?
10
What is the value of 0 + 4 + (-17 + 3 - 0)?
-10
Evaluate -2 + (-2 - -1 - -2) - -1.
0
What is the value of -5 - (5 + (-7 - -3))?
-6
What is the value of 0 - 1 - (3 + -5) - -1?
2
Calculate 7 + -10 + (-1 - -2).
-2
(0 - -2) + (11 - 17)
-4
Evaluate -1 + -2 + (-12 - (-1 - 16)).
2
What is -2 - (-10 - -4) - -1?
5
3 + 12 + -2 + -14
-1
What is -4 + (-2 - -2) - 0?
-4
What is -10 + -1 + 1 + 7 + -1?
-4
Calculate -2 - (6 + -6 + -6 + 5).
-1
-5 - ((-3 - 0) + 2 + -1)
-3
What is -6 - (-4 + -3 + 5)?
-4
Evaluate -4 + (9 + -6 - 4) - -10.
5
What is the value of 6 - (14 + (5 - 8))?
-5
Evaluate 1 - (9 + -4 + -10).
6
What is (-10 - -10) + -4 - (-4 + 0)?
0
Evaluate 11 + (-18 - -13) - (5 - -2).
-1
Evaluate 4 + -3 + 4 + -3 + -5.
-3
What is (-6 - (6 + 1 + -7)) + 2?
-4
What is the value of (3 - 5) + (-3 + 0 - 0)?
-5
-2 + 0 - -4 - 2
0
Evaluate -14 - -3 - (-6 + 0).
-5
What is the value of -8 + 7 + (4 - 13 - -7)?
-3
Calculate 4 - (2 - 1) - (-441 + 448).
-4
Calculate (27 + -13 - 9) + -8.
-3
Evaluate (-1 - 3) + (6 + -15 - -18).
5
Calculate (-6 - (-24 - -16)) + (-1 - -5).
6
-4 + 19 + 1 + -10
6
What is -7 - (7 - 10) - (-2 - 1)?
-1
What is the value of -1 + -3 + (9 - 1)?
4
Evaluate 1 + -5 - (-1 - -2).
-5
Evaluate 7 + (-6 + 8 - 5).
4
Evaluate 7 - (3 - -11 - (14 + -14)).
-7
8 - (3 - (-3 + -2 + 4))
4
(4 - 3) + -3 - -1
-1
Evaluate (2 - (1 - 3)) + -7 + 11.
8
Evaluate 7 - (20 + -10 + -6 + -2).
5
(1 - 3) + -3 - -5
0
1 - ((-3 - -5) + -3 + 3)
-1
Calculate -3 + 5 - (1 + -1 - 1).
3
What is 4 + (-6 - (6 + -6))?
-2
-1 + 8 + -2 + -3
2
5 - (0 + -2 + 3)
4
What is the value of -4 + (1 - 3) + (18 - 15)?
-3
-1 - (-2 - ((3 - 4) + 4))
4
Evaluate 3 + -4 + 3 + -2 + 0.
0
What is the value of (-3 + 8 - 5) + 0?
0
Evaluate 0 + 1 + (-9 - (-11 - 0)).
3
(12 - 4) + -2 + -8
-2
What is the value of 1 - (-3 + -3 + 1 + 3)?
3
Evaluate (-12 - 0) + (-1 - 0) + 4.
-9
-7 - -3 - (1 + 2 + -3)
-4
Evaluate -9 + 0 + 8 + 1.
0
Calculate (63 - 61 - (-5 + -1)) + 0.
8
Calculate -6 + 4 + -9 + 3.
-8
What is 5 - (2 - 2) - (25 + -10)?
-10
1 - (8 + -13 + 12)
-6
What is -14 + -3 + 23 + -14?
-8
Calculate 0 - ((-17 - -19) + 1 + 0).
-3
What is 0 + -1 - (2 - -2)?
-5
Evaluate 0 + 2 + (-12 - -3) + 10.
3
(-1 - -4) + -8 + 11 - 1
5
What is 4 + -2 - (5 - 8)?
5
Calculate -16 - -16 - (1 - (1 - 0)).
0
What is (0 - (1 - 5)) + -2?
2
What is the value of -6 + (-6 - (1 - 7))?
-6
Evaluate 5 + (-1 - (1 - 4)) + -7.
0
What is the value of 21 - 39 - -23 - (10 - -1)?
-6
What is -7 + 1 - (-6 + (8 - 4))?
-4
What is (-9 - -1) + (-2 - -3)?
-7
What is the value of -2 + -4 + (6 - 2)?
-2
What is (7 + -13 - -4) + 6?
4
What is -6 - ((0 - -3) + -5)?
-4
What is -2 + 3 + -8 - (-27 + 24)?
-4
Calculate 0 - (-10 - -7) - (2 - -6).
-5
Calculate 1 - (3 - 0) - (-4 - 5).
7
Calculate (0 - (5 + -9 + 6)) + -1.
-3
What is 4 + (0 - (11 + -3))?
-4
What is 31 + -39 - (-5 + 2 - -1)?
-6
What is -5 - -8 - (0 + -2 + 4)?
1
Calculate 10 - (2 - ((-2 - -6) + -7)).
5
-12 - (-2 + (-2 - 1))
-7
Evaluate -2 + 1 + (12 - 16).
-5
Calculate -5 + (5 - 4) + 4 + -6.
-6
Evaluate (0 - -1) + (-3 - -2 - -2).
2
What is 9 - (-9 + -9 + 28)?
-1
What is 4 + 4 + -3 - (-6 - -3)?
8
What is (2 - (-5 + 5)) + (2 - 15)?
-11
What is -6 + (-4 + -2 - -9) + 5?
2
What is the value of -4 - (-2 + 0) - (-13 - -15)?
-4
What is the value of -135 + 127 + (9 - 0)?
1
-1 + 5 + (-7 - (-1 - 5))
3
Evaluate 4 + 0 - (-8 + (9 - -14)).
-11
What is (-1 - (3 + -1)) + (0 - 0)?
-3
1 + 8 + -4 + 0 + -11
-6
-2 - (7 + (2 - 9))
-2
Calculate -2 - (1 + -4 - (-2 + 6)).
5
Evaluate 9 - (-5 + (-4 - -13) + -3).
8
(-1 - -1) + (7 - 1 - 3)
3
10 - (-6 + 12) - (7 + 0)
-3
What is 1 + (-2 - (-6 - (4 - 7)))?
2
Calculate -4 + -2 + (1 - -4).
-1
What is the value of -16 + (2 - -3) + 8?
-3
Calculate 2 - (-5 - -3) - 0.
4
What is the value of (3 - -2) + 1 + (2 - 3)?
5
Evaluate 0 - -4 - 2 - (8 - 6).
0
Evaluate -6 - -10 - (7 + 0).
-3
Evaluate 4 - ((-5 - -5 - -2) + 8).
-6
What is the value of 3 - (-7 - -23 - 7)?
-6
-9 + 12 + 0 + -7
-4
Evaluate (-2 - 3) + (7 - (7 + -4)).
-1
0 + (1 - (-1 - 4)) + 0
6
Evaluate (2 - 7) + 0 - -9.
4
-8 + 3 + (3 - 1) - -10
7
1 + -10 + 5 + (0 - -1)
-3
Calculate 10 + 8 + (-20 - -9).
7
Evaluate -1 - -4 - (6 - (-6 + 10)).
1
Evaluate 1 + (3 - (3 + 2) - 3).
-4
Calculate (-1 + -2 + 2 - -4) + -5.
-2
What is -1 + 0 - -5 - 1?
3
What is 2 + (4 + -8 + 4 - 3)?
-1
Calculate (9 - 15) + (1 - -10) - 6.
-1
-1 + (-1 - -6 - (28 - 24))
0
Evaluate 1 + 5 + (-3 - 2).
1
What is 1 + -8 - (-4 + 1) - -1?
-3
What is 7 + (-4 - 10) + 2?
-5
Calculate 28 + -34 - ((-8 - 1) + -3).
6
Calculate -8 + 7 + (5 + -5 - 5).
-6
What is the value of (-1 - 3) + 4 - -2?
2
What is 4 - (-5 + 1 + 5) - 5?
-2
Calculate 17 + (-2 - -2 - 13).
4
What is the value of (-12 - -5) + 9 - 12?
-10
What is -2 - (5 - (-3 + 10))?
0
What is 8 + -3 + -10 - (-5 + 1)?
-1
Evaluate -8 + 2 + (-1 - -3) - -1.
-3
What is the value of (-7 - -14) + -5 + (1 - 1)?
2
What is -1 + -2 + 5 + -8 + 8?
2
Calculate -6 + (0 - -4) - -6.
4
What is the value of (1 - (5 - 0 - 6)) + 2?
4
0 - (-1 - (-3 - (-3 - -1)))
0
What is (-1 - 1 - 0) + 3 + 1?
2
Calculate (1 - (5 - (-4 + 5))) + 4.
1
What is the value of (3 - 1) + 5 + -8?
-1
Calculate (-1 - (7 + -1)) + 12 + -8.
-3
What is (48 - 60) + 3 + 2?
-7
Calculate -8 + -14 + 7 + 19.
4
Evaluate 6 + (6 - 16) - 0.
-4
Evaluate 13 - (18 - 9 - 3).
7
Calculate -3 + (2 + 2 + 6 - 0).
7
Calculate (6 + -3 - 4) + (-4 - -2).
-3
What is 1 - 0 - (-2 + (-18 - -13))?
8
0 + -1 + 0 + 32 + -29
2
Calculate 2 - -2 - (-1 + 0 - -5).
0
9 - 12 - (-4 + 6)
-5
Evaluate (3 - 5 - 0) + (4 - 1).
1
Evaluate -4 + 0 + -2 - (48 + -53).
-1
-3 + -1 + 1 + -1 - -2
-2
What is the value of -9 + -8 + 4 + 9?
-4
What is 2 + (7 - 8 - -1)?
2
Evaluate 1 - (-3 + 5 + 3 - -1).
-5
(1 - 3) + 12 + -10 + 3
3
What is the value of 12 + (-9 - (0 - 5))?
8
Calculate -1 + 3 + -3 + (0 - 1).
-2
-4 - (5 - (4 - -2))
-3
3 - 1 - (-2 - -1)
3
Calculate -4 - (-1 + (-2 - (5 - 3))).
1
What is (-3 + 0 - -2) + 0 + 6?
5
What is (-1 - 3) + -98 + 96?
-6
Evaluate -5 + 1 + 1 - (24 - 23).
-4
What is 8 + -3 + (-5 + 1 - -5)?
6
Calculate -6 - -7 - 5 - -9.
5
6 - 6 - -6 - -2 - 4
4
Evaluate -14 + 6 + -1 - -4.
-5
What is 6 + ((-4 - 12) + 5 - -5)?
0
Calculate 0 + 4 - (0 - -8).
-4
Calculate 5 - 8 - (2 - 5).
0
What is 0 + (6 - 6) + -2?
-2
Evaluate (7 - 1) + -7 + -2.
-3
8 + -18 - 0 - -14
4
What is -1 + -1 + -19 + 20?
-1
-2 + 2 + 10 + -15
-5
What is the value of (-4 - -1) + (11 - 0 - 11)?
-3
(-4 - 1) + 6 + -9 + 6
-2
Calculate (-7 - 1) + (-14 - (-5 - 17)).
0
What is -6 + (6 - (10 + -10))?
0
Calculate (17 - 19) + 3 + -1.
0
What is -3 + -3 + 6 - 5?
-5
Calculate (2 - -1 - 4) + -1.
-2
Calculate -6 + (5 - (-1 + 2)) + -5.
-7
Calculate (-2 + -1 - 1) + 3.
-1
Calculate 5 - (8 - (2 + -5)).
-6
What is the value of 2 + ((1 - 4) + 6 - 6)?
-1
Calculate 1 + 2 + (4 - 9).
-2
What is (0 - (-2 - 1) - 3) + -2?
-2
What is the value of -8 - (-1 + -5) - -4?
2
What is the value of 0 + (0 - 0) + (-3 - 0)?
-3
What is (2 - 4) + 7 - 5?
0
Calculate (-21 - -13) + (2 - -2) - -9.
5
What is the value of (5 - (14 - 4)) + 5 + 0?
0
Evaluate 3 + -6 - 1 - -7.
3
What is the value of -2 - -2 - -3 - (-6 - -11)?
-2
What is (-5 - (-14 - -3)) + (1 - 3)?
4
Evaluate -9 + (-3 - -8) + 0 + 7.
3
Calculate -5 + 5 - 1 - 1.
-2
Calculate 0 + (3 - 2) + (76 - 80).
-3
What is -1 + 2 + -5 + (-1 - -3)?
-2
Evaluate -22 + 19 - (-2 - 6).
5
Calculate (-6 + 2 - -1 - -1) + -2.
-4
What is (-3 + (-1 - -2) -